ctors of 81299126.
2, 307, 132409
What are the prime factors of 357948416?
2, 7, 49937
List the prime factors of 13680895.
5, 29, 94351
What are the prime factors of 78845124?
2, 3, 251, 26177
What are the prime factors of 11438932?
2, 2859733
What are the prime factors of 118236266?
2, 59118133
What are the prime factors of 28200962?
2, 14100481
List the prime factors of 56410643.
56410643
What are the prime factors of 1893753197?
7, 149, 569, 3191
What are the prime factors of 435118469?
435118469
List the prime factors of 168537035.
5, 37, 911011
What are the prime factors of 566755224?
2, 3, 7, 3373543
What are the prime factors of 946361955?
3, 5, 7, 11, 31, 26431
What are the prime factors of 1170331012?
2, 292582753
List the prime factors of 5049728.
2, 39451
What are the prime factors of 1875567144?
2, 3, 11, 601, 11821
List the prime factors of 6533152570.
2, 5, 7, 1409, 66239
What are the prime factors of 355542471?
3, 17, 359, 6473
List the prime factors of 920896445.
5, 7, 3758761
List the prime factors of 868920266.
2, 23, 31, 53, 11497
List the prime factors of 544841355.
3, 5, 163, 222839
List the prime factors of 2354052419.
2354052419
List the prime factors of 222432748.
2, 397, 140071
What are the prime factors of 1510807867?
17, 29, 59, 51941
What are the prime factors of 264471754?
2, 17, 19, 113, 3623
List the prime factors of 20221329.
3, 6740443
What are the prime factors of 3931272830?
2, 5, 3359, 117037
What are the prime factors of 92395712?
2, 1443683
What are the prime factors of 119869160?
2, 5, 2996729
What are the prime factors of 54682616?
2, 59, 115853
List the prime factors of 44127363.
3, 7, 23, 103, 887
What are the prime factors of 95903963?
19, 37, 136421
What are the prime factors of 101199737?
53, 1909429
What are the prime factors of 3705363414?
2, 3, 6577, 10433
List the prime factors of 1887715863.
3, 11, 19067837
What are the prime factors of 74599835?
5, 811, 18397
List the prime factors of 5066645411.
7237, 700103
List the prime factors of 2483869.
2483869
List the prime factors of 9872208.
2, 3, 179, 383
What are the prime factors of 3766078055?
5, 753215611
What are the prime factors of 5860298196?
2, 3, 1013, 160697
List the prime factors of 8020411.
7, 1145773
List the prime factors of 619699635.
3, 5, 137, 100519
List the prime factors of 5351614.
2, 2675807
List the prime factors of 67336093.
11, 6121463
What are the prime factors of 51421603?
51421603
List the prime factors of 15616981.
193, 80917
List the prime factors of 77183654.
2, 38591827
What are the prime factors of 2494658568?
2, 3, 23, 1427, 3167
List the prime factors of 60800754.
2, 3, 7, 151, 9587
List the prime factors of 2562076.
2, 11, 58229
List the prime factors of 175672045.
5, 23, 1527583
What are the prime factors of 190827193?
17, 11225129
List the prime factors of 239900311.
7, 17, 43, 173, 271
What are the prime factors of 1634139698?
2, 1453, 562333
What are the prime factors of 64089283?
64089283
What are the prime factors of 3595364282?
2, 1797682141
What are the prime factors of 71433416?
2, 8929177
List the prime factors of 46854660.
2, 3, 5, 211, 3701
List the prime factors of 128873405.
5, 37, 59, 11807
List the prime factors of 27122682.
2, 3, 281, 16087
List the prime factors of 12268730.
2, 5, 17, 72169
What are the prime factors of 244716762?
2, 3, 40786127
What are the prime factors of 1088727925?
5, 139, 173, 1811
List the prime factors of 388392821.
388392821
What are the prime factors of 44366460?
2, 3, 5, 229, 3229
List the prime factors of 16484947.
1931, 8537
What are the prime factors of 4668344934?
2, 3, 11, 5641, 12539
What are the prime factors of 8221456334?
2, 7, 13, 191, 236507
What are the prime factors of 67878398?
2, 7, 1283, 3779
What are the prime factors of 981354225?
3, 5, 23, 397, 1433
List the prime factors of 77568395.
5, 89, 174311
List the prime factors of 209229301.
209229301
What are the prime factors of 19319108?
2, 4829777
What are the prime factors of 6719200875?
3, 5, 53, 112691
List the prime factors of 3860657613.
3, 1063, 134513
List the prime factors of 576374493.
3, 37, 73, 83, 857
What are the prime factors of 2083457637?
3, 231495293
What are the prime factors of 2567338316?
2, 641834579
List the prime factors of 4228321663.
31, 136397473
List the prime factors of 94544296.
2, 7, 11, 31, 4951
What are the prime factors of 69907314?
2, 3, 347, 33577
List the prime factors of 204394102.
2, 11, 41, 226601
List the prime factors of 2328192212.
2, 73, 1667, 4783
List the prime factors of 7137408615.
3, 5, 19, 233, 5657
What are the prime factors of 776335965?
3, 5, 51755731
List the prime factors of 41101067.
7, 5871581
What are the prime factors of 3088633679?
61, 50633339
What are the prime factors of 92720317?
92720317
What are the prime factors of 21236822?
2, 367, 28933
List the prime factors of 75576492.
2, 3, 17, 123491
What are the prime factors of 2110711071?
3, 7, 953, 105467
List the prime factors of 2322033842.
2, 17, 71, 617, 1559
List the prime factors of 1104325117.
7, 17, 9280043
What are the prime factors of 270325954?
2, 135162977
List the prime factors of 36772581.
3, 17, 19, 137, 277
List the prime factors of 4027293713.
19, 29, 83, 107, 823
What are the prime factors of 6112388?
2, 23, 29, 79
List the prime factors of 2834066432.
2, 2767643
What are the prime factors of 46713839?
971, 48109
List the prime factors of 56121956.
2, 11, 1275499
List the prime factors of 54325568.
2, 11, 77167
What are the prime factors of 1707722493?
3, 569240831
What are the prime factors of 36557755?
5, 13, 562427
What are the prime factors of 507519163?
139, 3651217
What are the prime factors of 4489926236?
2, 17, 41, 1033, 1559
What are the prime factors of 166464679?
53, 3140843
What are the prime factors of 2417178943?
6337, 381439
List the prime factors of 800779879.
31, 61, 423469
What are the prime factors of 98691346?
2, 13, 41, 92581
List the prime factors of 30178945.
5, 6035789
List the prime factors of 1576149109.
1576149109
What are the prime factors of 1296114628?
2, 324028657
List the prime factors of 514574832.
2, 3, 10720309
What are the prime factors of 142397840?
2, 5, 13, 269, 509
List the prime factors of 1086280074.
2, 3, 11, 47, 113, 1033
What are the prime factors of 19146935?
5, 157, 24391
List the prime factors of 103650882.
2, 3, 17275147
List the prime factors of 116422480.
2, 5, 1129, 1289
What are the prime factors of 376261986?
2, 3, 17, 1033, 3571
What are the prime factors of 396537?
3, 131, 1009
What are the prime factors of 26989842?
2, 3, 11, 19, 21523
What are the prime factors of 92836614?
2, 3, 13, 599, 1987
List the prime factors of 4536704493.
3, 504078277
List the prime factors of 1660317894.
2, 3, 199, 379, 1223
List the prime factors of 181389316.
2, 23, 29, 67987
List the prime factors of 12327935.
5, 2465587
What are the prime factors of 4531323893?
101, 44864593
What are the prime factors of 407034788?
2, 3923, 25939
List the prime factors of 18495171.
3, 2055019
List the prime factors of 557771345.
5, 111554269
What are the prime factors of 145812976?
2, 659, 13829
List the prime factors of 159379586.
2, 43, 53, 73, 479
What are the prime factors of 145556160?
2, 3, 5, 31, 67, 73
List the prime factors of 116524534.
2, 7, 139, 59879
What are the prime factors of 231245?
5, 7, 6607
What are the prime factors of 23777553?
3, 7925851
List the prime factors of 70348383.
3, 7, 1116641
What are the prime factors of 396200562?
2, 3, 66033427
What are the prime factors of 68944480?
2, 5, 11, 43, 911
What are the prime factors of 583637159?
7, 83, 757, 1327
What are the prime factors of 148903420?
2, 5, 2027, 3673
List the prime factors of 505104573.
3, 181, 930211
What are the prime factors of 41016311?
7, 1693, 3461
List the prime factors of 848701193.
307, 2764499
List the prime factors of 4284982672.
2, 8669, 30893
List the prime factors of 152357491.
11, 13, 317, 3361
List the prime factors of 221287219.
281, 683, 1153
What are the prime factors of 1314927613?
1314927613
What are the prime factors of 5008188330?
2, 3, 5, 55646537
What are the prime factors of 51306021?
3, 13, 313, 467
List the prime factors of 3069344517.
3